{"id":5757,"date":"2026-03-31T10:26:00","date_gmt":"2026-03-31T08:26:00","guid":{"rendered":"https:\/\/izaki-sports-academy.com\/sejours-pays-basque\/?page_id=5757"},"modified":"2026-04-03T14:18:17","modified_gmt":"2026-04-03T12:18:17","slug":"sejour-entre-filles","status":"publish","type":"page","link":"https:\/\/izaki-sports-academy.com\/sejours-pays-basque\/sejour-entre-filles\/","title":{"rendered":"S\u00e9jour \u00ab\u00a0ENTRE FILLES\u00a0\u00bb"},"content":{"rendered":"<div  data-label=\"Overlappable\" data-id=\"overlappable--2\" data-export-id=\"overlappable-4\" data-category=\"overlappable\" class=\"overlappable-4 content-section content-section-spacing\" data-overlap=\"true\" id=\"overlappable-2\"><div  class=\"gridContainer\"> <div  data-type=\"row\" class=\"row spaced-cols text-center\"><div  class=\"col-xs-12 col-sm-4 col-padding col-md-3 \"> <i  class=\"fa icon shadow-large-black aligncenter fa-clone reverse round large color1\"><\/i> <div  data-type=\"column\" class=\"\"> <h5  class=\"\">ACCESSIBILIT\u00c9<\/h5> <p  class=\"\">Ouvert \u00e0 partir de 18 ans.\n<br >Niveau d\u00e9butant<\/p><\/div> <\/div> <div  class=\"col-xs-12 col-sm-4 col-padding col-md-3 \"> <i  class=\"fa icon shadow-large-black aligncenter fa-home reverse round large color1\"><\/i> <div  data-type=\"column\" class=\"\"><h5  class=\"\">H\u00c9BERGEMENT \/ PENSION<\/h5> <p  class=\"\">H\u00e9bergement en bungalows toil\u00e9s ou en mobil home de 4 \u00e0 6 personnes en camping \u00e0 Hendaye.<\/p><\/div> <\/div> <div  class=\"col-xs-12 col-sm-4 col-padding col-md-3 \"> <i  class=\"fa icon shadow-large-black aligncenter fa-euro reverse round large color1\"><\/i> <div  data-type=\"column\" class=\"\"> <h5  class=\"\">TARIF<\/h5> <p  class=\"\">425\u20ac en h\u00e9bergement bungalows toil\u00e9s (pension compl\u00e8te et activit\u00e9s incluses)<\/p><\/div> <\/div><div  class=\"col-xs-12 col-sm-4 col-padding col-md-3 \"> <i  class=\"fa icon shadow-large-black aligncenter fa-calendar reverse round large color1\"><\/i> <div  data-type=\"column\" class=\"\"><h5  class=\"\">DATES<\/h5> <p  class=\"\">Du 29 au 31 mai,<br >\ndu 12 au 14 juin,<\/p><\/div> <\/div><\/div> <\/div><\/div><div  data-label=\"About\" data-id=\"about--1\" data-export-id=\"about-10\" data-category=\"about\" class=\"about-10 content-section content-section-spacing\" id=\"about-1\"><div  class=\"gridContainer\"> <div  class=\"row middle-sm text-center\"><div  class=\"col-sm-5 space-bottom-xs content-column\" data-type=\"column\"> <h5  class=\"\">S\u00e9jour \u00ab&nbsp;ENTRE FILLES&nbsp;\u00bb<\/h5> <h2  class=\"\">Offrez-vous une parenth\u00e8se pr\u00e9cieuse entre femmes, d\u00e9di\u00e9e \u00e0 cette \u00e9tape de vie souvent bousculante mais profond\u00e9ment transformative : la p\u00e9ri-m\u00e9nopause et la m\u00e9nopause.<\/h2> <p  class=\"\" style=\"text-align: left;\">\n\u00ab&nbsp;Sororit\u00e9 et Solutions&nbsp;\u00bb\n<br >Il est temps de dire STOP. \n<br >Stop au tabou, stop \u00e0 la fatigue, stop \u00e0 l\u2019oubli de soi.<br >Vous sentez que votre corps change, que votre sommeil joue \u00e0 cache-cache, que vos \u00e9motions font des montagnes russes. Vous vous posez mille questions, et parfois, vous vous sentez un peu seule face \u00e0 ce nouveau chapitre.<br >Et si on en parlait vraiment, les pieds dans l\u2019eau ?<br >\nParce que vous m\u00e9ritez le meilleur, nous avons r\u00e9uni un trio d\u2019experts passionn\u00e9s pour vous accompagner personnellement : un m\u00e9decin, un coach sportif et une di\u00e9t\u00e9ticienne.&nbsp;<br >Parce que cette p\u00e9riode n\u2019est pas une fin\u2026 mais une transformation.<br >\nFaisons-en une force, ensemble.<\/p> <a  class=\"button color1\" href=\"https:\/\/izaki-sports-academy.com\/produit\/sejour-entre-filles\" target=\"_self\" data-cp-link=\"1\" data-icon=\"\">Je m\u2019inscris !<\/a><\/div> <div  class=\"col-sm-7 flexbox middle-xs center-xs space-bottom-xs\"><div  class=\"overlay-box middle-xs center-xs flexbox\"> <div  class=\"overlay-box-offset offset-border shadow-medium border-color1 hide-xs\"><\/div> <img  decoding=\"async\" class=\"shadow-large\" data-size=\"485x705\" src=\"https:\/\/izaki-sports-academy.com\/sejours-pays-basque\/wp-content\/uploads\/2026\/03\/cropped-Femmes-yoga.jpg\" title=\"cropped-Femmes-yoga.jpg\" alt=\"s\u00e9jour entre filles pays Basque\"><\/div> <\/div><\/div> <\/div><\/div><div  data-label=\"Overlappable\" data-id=\"overlappable--1\" data-export-id=\"overlappable-5\" data-category=\"overlappable\" class=\"overlappable-5 content-section content-section-spacing\" data-overlap=\"true\" id=\"overlappable-1\"><div  class=\"gridContainer\"> <div  data-type=\"row\" class=\"row shadow-medium bg-color-white center-sm\"><div  class=\"col-xs-12 col-sm-4 col-padding col-padding-xs bg-color-white\"> <div  class=\"row middle-sm\"><div  class=\"col-xs-12 col-sm-fit icon-column\"> <a  data-cp-link=\"1\" href=\"#\" target=\"_self\"><i  class=\"fa icon fa-thumbs-o-up bordered round color2\"><\/i><\/a><\/div> <div  data-type=\"column\" class=\"col-xs-12 col-sm v-spacing\"><h5  class=\"\">Encadr\u00e9s par des professionnels dipl\u00f4m\u00e9s et passionn\u00e9s.<\/h5><\/div> <\/div> <div  class=\"row\"> <div  class=\"col-xs-12 col-sm-12\" data-type=\"column\">  <\/div> <\/div><\/div> <div  class=\"col-xs-12 col-sm-4 col-padding col-padding-xs bg-color-white\"><div  class=\"row middle-sm\"> <div  class=\"col-xs-12 col-sm-fit icon-column\"><i  class=\"fa icon fa-child bordered round color2\"><\/i><\/div> <div  data-type=\"column\" class=\"col-xs-12 col-sm v-spacing\"><h5  class=\"\">Petits<br >\ngroupes pour une exp\u00e9rience personnalis\u00e9e.<\/h5><\/div> <\/div> <div  class=\"row\"> <div  class=\"col-xs-12 col-sm-12\" data-type=\"column\">  <\/div> <\/div><\/div> <div  class=\"col-xs-12 col-sm-4 col-padding col-padding-xs bg-color-white\"><div  class=\"row middle-sm\"> <div  class=\"col-xs-12 col-sm-fit icon-column\"><i  class=\"fa icon fa-spoon bordered round color2\"><\/i><\/div> <div  data-type=\"column\" class=\"col-xs-12 col-sm v-spacing\"><h5  class=\"\">Cuisine locale et produits du terroir.<\/h5><\/div> <\/div> <div  class=\"row\"> <div  class=\"col-xs-12 col-sm-12\" data-type=\"column\">  <\/div> <\/div><\/div> <div  class=\"col-xs-12 col-sm-4 col-padding col-padding-xs bg-color-white\"> <div  class=\"row middle-sm\"><div  class=\"col-xs-12 col-sm-fit icon-column\"> <a  data-cp-link=\"1\" href=\"#\" target=\"_self\"><i  class=\"fa icon fa-car bordered round color2\"><\/i><\/a><\/div> <div  data-type=\"column\" class=\"col-xs-12 col-sm v-spacing\"><h5  class=\"\">Navette<br >\ndepuis la gare d\u2019Hendaye ou l\u2019a\u00e9roport de Biarritz.<\/h5><div  class=\"scribens-layout\"><\/div><\/div> <\/div> <div  class=\"row\"> <div  class=\"col-xs-12 col-sm-12\" data-type=\"column\">  <\/div> <\/div><\/div><div  class=\"col-xs-12 col-sm-4 col-padding col-padding-xs bg-color-white\"> <div  class=\"row middle-sm\"><div  class=\"col-xs-12 col-sm-fit icon-column\"> <a  data-cp-link=\"1\" href=\"#\" target=\"_self\"><i  class=\"fa icon fa-plus bordered round color2\"><\/i><\/a><\/div> <div  data-type=\"column\" class=\"col-xs-12 col-sm v-spacing\"><h5  class=\"\">Chambre individuelle\n<br >Cours de surf\n<br >Massage<\/h5><\/div> <\/div> <div  class=\"row\"> <div  class=\"col-xs-12 col-sm-12\" data-type=\"column\">  <\/div> <\/div><\/div><\/div><\/div> <\/div><div  data-label=\"Pricing\" data-id=\"pricing--1\" data-export-id=\"pricing-1\" data-category=\"pricing\" data-featured-class=\"pricing-featured\" class=\"pricing-1 content-section content-section-spacing\" id=\"pricing-1\"><div  class=\"gridContainer\"> <div  class=\"row\"><div  data-type=\"column\" class=\"section-title-col\"> <h2  class=\"text-center\">Programme du s\u00e9jour<\/h2> <p  class=\"lead\" style=\"text-align: left;\">Imaginez\u2026 La plus longue plage de sable fin de la C\u00f4te Basque, l\u2019oc\u00e9an Atlantique \u00e0 perte de vue, et l\u2019air iod\u00e9 qui vous r\u00e9g\u00e9n\u00e8re \u00e0 chaque inspiration.\n<br ><br >Des temps de partage bienveillants entre femmes vivant les m\u00eames exp\u00e9riences.<br >\nL\u2019accompagnement de professionnels experts : m\u00e9decin, coach sportif et di\u00e9t\u00e9ticien<br >\nDes ateliers concrets pour mieux comprendre les changements hormonaux.<br >\nDes outils pratiques pour retrouver \u00e9nergie, \u00e9quilibre et s\u00e9r\u00e9nit\u00e9.<br >Comprendre ce qui se passe dans votre corps : Apprendre \u00e0 mieux g\u00e9rer les sympt\u00f4mes, Retrouver confiance et vitalit\u00e9, Vous reconnecter \u00e0 vous-m\u00eame,&nbsp;\n<br ><br >Du mouvement, de la d\u00e9tente, et du bien-\u00eatre !<br >Vous repartirez avec : Un plan d\u2019action nutritionnel personnalis\u00e9,&nbsp;un programme de routine sportive adapt\u00e9e et facile \u00e0 reproduire chez vous,&nbsp;des techniques de gestion du stress et des \u00e9motions.<br >Et surtout : Une confiance renouvel\u00e9e en vous et en votre avenir.\n<br ><br ><span  style=\"font-weight: 700;\">Le tarif inclut l\u2019h\u00e9bergement, les repas et activit\u00e9s comme indiqu\u00e9es sur le programme,<\/span> la seule option que vous aurez \u00e0 choisir si vous le souhaitez est un suppl\u00e9ment chambre individuelle.<\/p><\/div> <\/div> <div  data-type=\"row\" class=\"row spaced-cols\"> <div  class=\"col-xs-12 col-sm-6 text-center col-md-4 \"> <div  class=\"card shadow-small rounded\" data-default=\"shadow-small\" data-featured=\"shadow-large\" data-type=\"column\"> <h3  class=\"font-300 upper\">JOUR 1<\/h3>   <ul  data-default=\"no-class\" data-featured=\"strong\" class=\"unstyled checked decoration-color1 black text-center\"><li >Arriv\u00e9e<\/li><li >Attribution des logements<\/li><li >Pr\u00e9sentation de la semaine<\/li><li >Temps de parole<\/li><li >D\u00eener,  Veill\u00e9e<\/li><\/ul> <\/div> <\/div> <div  class=\"col-xs-12 col-sm-6 text-center col-md-4 \"> <div  class=\"card rounded shadow-small\" data-default=\"shadow-small\" data-featured=\"shadow-large\" data-type=\"column\"> <h3  class=\"font-300 upper\">JOUR 2<\/h3>   <ul  data-default=\"no-class\" data-featured=\"strong\" class=\"unstyled checked decoration-color1 black text-center\"><li >Collation<\/li><li >Activit\u00e9 respiratoire, m\u00e9ditation Osho, activation musculaire<\/li><li >Conf\u00e9rence : m\u00e9decin, coach sportif, di\u00e9t\u00e9ticienne<\/li><li >Temps libre : \u00e9changes<\/li><li >Rando coti\u00e8re Jaizkibel<\/li><li >D\u00e9jeuner<\/li><li >Yoga<\/li><li >Temps de parole<\/li><li >D\u00eener<\/li><li >Soir\u00e9e d\u00e9tente : m\u00e9ditation, massage plusieurs mains, petits mots<\/li><\/ul> <\/div> <\/div> <div  class=\"col-xs-12 col-sm-6 text-center col-md-4 \"> <div  class=\"card shadow-small rounded\" data-default=\"shadow-small\" data-featured=\"shadow-large\" data-type=\"column\"> <h3  class=\"font-300 upper\">JOUR 3<\/h3>   <ul  data-default=\"no-class\" data-featured=\"strong\" class=\"unstyled checked decoration-color1 black text-center\"><li >R\u00e9veil<\/li><li >Activit\u00e9 respiratoire, respiration du feu, activation musculaire<\/li><li >Activit\u00e9 physique : renforcement musculaire<\/li><li >Ballade c\u00f4ti\u00e8re : ch\u00e2teau d\u2019Abbadia<\/li><li >Restitution des chambres<\/li><li >Brunch<\/li><li >D\u00e9brief : tour de parole<\/li><li >D\u00e9part<\/li><\/ul> <\/div> <\/div> <\/div> <\/div><\/div><div  data-label=\"Options\" data-id=\"pricing--2\" data-export-id=\"pricing-1\" data-category=\"pricing\" data-featured-class=\"pricing-featured\" class=\"pricing-1 content-section content-section-spacing content-relative\" id=\"options\"><div  class=\"gridContainer\"> <div  class=\"row\"><div  data-type=\"column\" class=\"section-title-col\"> <h2  class=\"text-center\">Choisissez vos options<\/h2> <p  class=\"lead\">Pour compl\u00e9ter votre s\u00e9jours \u00e0 votre guise et l\u2019optiomiser au maximum, vous pouvez y ajouter des options. \n<br >Vous le rendrez encore plus en ad\u00e9quation avec vos envies du moment.<\/p><\/div> <\/div> <div  data-type=\"row\" class=\"row spaced-cols\"> <div  class=\"col-xs-12 col-sm-6 text-center col-md-12 \"> <div  class=\"card shadow-small rounded\" data-default=\"shadow-small\" data-featured=\"shadow-large\" data-type=\"column\"> <h3  class=\"font-300 upper\">Chambre individuelle<\/h3> <h3  class=\"h1\">60\u20ac<\/h3> <p  class=\"small custom-color color-black\">par s\u00e9jour<\/p>  <\/div> <\/div>   <\/div> <\/div><\/div><div  data-label=\"Cta\" data-id=\"cta--1\" data-export-id=\"cta-blue-section\" data-category=\"cta\" class=\"cta-blue-section content-section content-section-spacing-medium bg-color1 white-text\" id=\"cta-1\"><div  class=\"gridContainer\"> <div  class=\"row middle-xs\"><div  class=\"col-sm-8 space-bottom-xs\" data-type=\"column\"> <h2  class=\"\">Rejoignez-nous d\u00e8s maintenant et offrez-vous cette pause bien-\u00eatre dont vous avez tant besoin !<\/h2> <\/div> <div  class=\"col-sm-4 end-sm\" data-type=\"column\"> <a  class=\"button color2\" href=\"https:\/\/izaki-sports-academy.com\/produit\/sejour-entre-filles\" target=\"_self\" data-cp-link=\"1\" data-icon=\"\">Je m\u2019inscris !<\/a><\/div> <\/div><\/div> <\/div>","protected":false},"excerpt":{"rendered":"<p>ACCESSIBILIT\u00c9 Ouvert \u00e0 partir de 18 ans. Niveau d\u00e9butant H\u00c9BERGEMENT \/ PENSION H\u00e9bergement en bungalows toil\u00e9s ou en mobil home de 4 \u00e0 6 personnes en camping \u00e0 Hendaye. TARIF 425\u20ac en h\u00e9bergement bungalows toil\u00e9s (pension compl\u00e8te et activit\u00e9s incluses) DATES Du 29 au 31 mai, du 12 au 14 juin, S\u00e9jour \u00ab&nbsp;ENTRE FILLES&nbsp;\u00bb Offrez-vous&hellip; <br \/> <a class=\"read-more\" href=\"https:\/\/izaki-sports-academy.com\/sejours-pays-basque\/sejour-entre-filles\/\">Lire la suite<\/a><\/p>\n","protected":false},"author":2,"featured_media":5758,"parent":0,"menu_order":0,"comment_status":"closed","ping_status":"closed","template":"pro\/page-templates\/full-width-page.php","meta":{"_seopress_robots_primary_cat":"","_seopress_titles_title":"","_seopress_titles_desc":"Sororit\u00e9 & Solutions. Oubliez les tabous. \u00c9coute bienveillante, pas de jugement. Groupe restreint de femmes qui ce ressemblent pour partager et r\u00e9aliser que vous n\u2019\u00eates pas seule...","_seopress_robots_index":"","footnotes":""},"class_list":["post-5757","page","type-page","status-publish","has-post-thumbnail","hentry"],"_links":{"self":[{"href":"https:\/\/izaki-sports-academy.com\/sejours-pays-basque\/wp-json\/wp\/v2\/pages\/5757","targetHints":{"allow":["GET"]}}],"collection":[{"href":"https:\/\/izaki-sports-academy.com\/sejours-pays-basque\/wp-json\/wp\/v2\/pages"}],"about":[{"href":"https:\/\/izaki-sports-academy.com\/sejours-pays-basque\/wp-json\/wp\/v2\/types\/page"}],"author":[{"embeddable":true,"href":"https:\/\/izaki-sports-academy.com\/sejours-pays-basque\/wp-json\/wp\/v2\/users\/2"}],"replies":[{"embeddable":true,"href":"https:\/\/izaki-sports-academy.com\/sejours-pays-basque\/wp-json\/wp\/v2\/comments?post=5757"}],"version-history":[{"count":15,"href":"https:\/\/izaki-sports-academy.com\/sejours-pays-basque\/wp-json\/wp\/v2\/pages\/5757\/revisions"}],"predecessor-version":[{"id":5800,"href":"https:\/\/izaki-sports-academy.com\/sejours-pays-basque\/wp-json\/wp\/v2\/pages\/5757\/revisions\/5800"}],"wp:featuredmedia":[{"embeddable":true,"href":"https:\/\/izaki-sports-academy.com\/sejours-pays-basque\/wp-json\/wp\/v2\/media\/5758"}],"wp:attachment":[{"href":"https:\/\/izaki-sports-academy.com\/sejours-pays-basque\/wp-json\/wp\/v2\/media?parent=5757"}],"curies":[{"name":"wp","href":"https:\/\/api.w.org\/{rel}","templated":true}]}}